 Let m = 72 - s. What is the tens digit of m?
4
Suppose 2*o - 14 = 42. Let v be (0 - -3) + 15 + -15. Suppose -2*y + 4 = v*w, 5*y + w - o = y. What is the units digit of y?
8
Suppose d = -1, -2*g + g = -2*d - 3. What is the units digit of 7 + -6 + 16 + g?
8
Let h(u) = -u**3 + 8*u**2 - 11*u + 5. Let x be h(7). Let z = 85 + x. What is the units digit of z?
2
Suppose -5*m - 11 = 4*o, -5*o + 2*o - 5*m - 12 = 0. Suppose -4*i - 145 = -o. What is the tens digit of 3 - (3 + -2 + i)?
3
Suppose -2*d = -k - 779, -d + 363 = 2*k - 19. What is the tens digit of d?
8
Let h(z) = z**2 - 2*z + 3. Let q be h(4). Let n be (-5)/(-15) - q/(-3). Suppose -n*f - 3*u + 5*u = -8, f + 7 = 5*u. What is the units digit of f?
3
Let a = 8 - 3. Suppose -3*k + 339 = a*d, 5 = -3*k - 1. Suppose r = -3*n + 31, 3*r + 0*n = -n + d. What is the tens digit of r?
2
Let y be (7/(-5))/(4/(-20)). Let m be (-215)/(-7) + 2/y. Suppose 5*l - m = 39. What is the tens digit of l?
1
Let v(y) = -154*y - 4. Let n be v(-1). Suppose 4*b + s = 2*s + 215, -3*b = -3*s - n. What is the units digit of b?
5
Suppose -5*k + 3767 = 2*s, 5*k - 4503 = -4*s + 3006. What is the units digit of s?
1
Suppose -37 = -5*r - 3*i, -2*i = 2*r - 4*i - 18. Suppose 3*p + 110 = r*p. Let h = 57 - p. What is the units digit of h?
5
Suppose 1 = 3*r - 29. Suppose 1148 = r*q - 642. What is the units digit of q?
9
Let v = -19 - -125. What is the tens digit of 2/5 - v/(-10)?
1
Suppose -2*h - 8 = -i, h = 2*h + 1. Let m(n) = n**2 - 6*n + 2. Let f be m(i). Suppose -f*g + 54 = 5*z, -2*g + 3*g = -4*z + 33. What is the tens digit of g?
1
Let u = 1011 + -140. What is the units digit of u?
1
Let g(j) = j**3 + 3*j - 2. Let d be g(0). Let i(m) = 0*m**2 + m**2 + 0*m**2 - 2. What is the units digit of i(d)?
2
Suppose 15 = -4*c - 29. Let q = 115 - c. What is the tens digit of q?
2
Let v(d) be the second derivative of 13*d**4/12 - d**3/3 - d**2/2 - 3*d. Let f be v(-1). What is the units digit of 4/f*56/16?
1
Suppose 2*s = 5*s. Let z(g) = 8 + s + 4 + 3*g. What is the units digit of z(9)?
9
Suppose 0*m + 3*m = 12. Suppose 0*g + 16 = m*g. What is the units digit of 14/g - 6/12?
3
Let y = 7 + -7. Suppose -4*u + 5*s - 24 + 4 = y, s = 2*u + 4. Suppose -3*f = -u*r + 4*r - 93, f + 5*r - 42 = 0. What is the units digit of f?
7
Let y(k) = -k**2 - 15*k + 7*k - 14 - 8*k + 0*k**2. Suppose 0 = 2*l - j + 5*j + 20, 3*j = -3*l - 36. What is the units digit of y(l)?
4
What is the units digit of (-78180)/(-144) + 1/12?
3
Suppose j = -2*j + 39. Let y = j - -27. Suppose 0 = 3*m - 3*a - 35 + 14, -4*m - 2*a + y = 0. What is the units digit of m?
9
Suppose 0 = 3*h + 5*s - 13, -2*h = h - 5*s + 7. Suppose -l + h = -6. What is the units digit of l?
7
Suppose 4*n = -w + 520, 3*w - 539 = -5*n + 118. What is the tens digit of n?
2
Let h(p) = -p**3 - 40*p**2 - 75*p + 43. Let m be h(-38). Suppose -t - t = -10. Suppose -m*f = -3*i + 132, 259 = t*i - 5*f + 39. What is the tens digit of i?
4
Let q(u) = u**3 + 2*u**2 - u + 5. Let n be q(-3). What is the tens digit of (-3)/(n*(-3 - (-208)/68))?
5
Let b(k) = k**2 - 10. What is the units digit of b(-16)?
6
Suppose 0 = -5*g + g - 8. Let l(y) = 38*y**2 - y - 2. What is the tens digit of l(g)?
5
Let z = 135 + 755. What is the hundreds digit of z?
8
Let m(g) = 1 - 2*g + 3 - g**2 - 6*g. Let c be -9 - (35/(-5) - -5). What is the units digit of m(c)?
1
Suppose -v + 5*v - 4*g - 4 = 0, 5*v - 4*g = 7. Suppose v*l = 5*a + 21, -3*l - 6*a - 9 = -a. What is the tens digit of 2 + l + (6 - -2)?
1
Suppose 473*i = 480*i - 385. What is the tens digit of i?
5
Suppose i + 0 - 3 = 0. Let z(t) = 18*t + 4. What is the tens digit of z(i)?
5
Suppose 4*u = 5*g - 409, g - 63 = -3*u + 34. Let c be ((-102)/g)/((-2)/245). Suppose 3*f = -4*k - 2*f + c, 0 = 2*k + 3*f - 73. What is the units digit of k?
8
Let t(p) = -3*p + 13. Let s be t(3). Suppose -l - s = -2*l. What is the units digit of 2*(-3 - (-114)/l)?
1
Let t(z) = 2*z**2 + z - 13. Let v be t(0). Suppose 3*c + 8 + 1 = 0, -4*y - 10 = -2*c. Let q = y - v. What is the units digit of q?
9
Let y = -613 - -1199. Suppose 384 = 5*n - y. What is the tens digit of n?
9
Let m(k) = 7*k**3 - 5*k - 8*k**3 + 11*k**2 + 0*k + 4. Let r be m(10). What is the units digit of r/8 + (-12)/16?
6
Let i be 2 - 3 - 0 - -3. Suppose -2*w + 75 = h, -i*h + 6*h - 4 = 0. Suppose 3*n = 23 + w. What is the units digit of n?
0
Suppose 5*b + 3 = 2*z - 3, 3*z = 2*b - 2. Let m = z - 1. Let i(g) = g**2 - g + 6. What is the units digit of i(m)?
8
Suppose 2*z = -z + 42. Let g = -24 + 24. Suppose g = -i + 3*i - z. What is the units digit of i?
7
Let l(w) = w**3 - 10*w**2 - w + 12. Let z be l(10). Suppose 0 = -y - z*y + 5*u + 46, 0 = 4*u - 16. What is the units digit of y?
2
Suppose -190 = -24*g - 22. Let a(u) = 6*u - 12 - 2*u + 2*u. What is the units digit of a(g)?
0
Suppose 0 = -2*c - 4*t - 2 + 4, t = 4*c - 4. Let m(p) = -7*p + 1 + c + p**2 + 4. What is the units digit of m(7)?
6
Suppose -3*b - 203 = 5*d, -b - 67 = d + d. Let u = -35 - b. What is the units digit of u?
6
What is the tens digit of 2 - (2/1 - 415 - 3)?
1
Let k(j) = j**3 - 6*j**2 - 3*j. Let t be k(7). Let b = 67 - t. What is the tens digit of b?
3
Suppose -2*a + 12 = -2*x, -18 = -5*a - 3*x + 20. Suppose 5*g = a*g - 780. Suppose -3*i + g = 2*i. What is the units digit of i?
8
Suppose -16*n + 12*n = -20. Suppose n*t - 1032 = -2*g + 81, 4*g - 16 = 0. What is the hundreds digit of t?
2
Let g(v) = 11*v**2 + 10*v + 6. Let w be g(6). Suppose -w = -8*r - 6*r. What is the units digit of r?
3
Let j(c) = -2*c - 46. Let n be j(-22). Let y(k) = -40*k. What is the tens digit of y(n)?
8
Let u(b) = b**3 - 6*b**2 - 7*b + 1. Suppose 11 = 5*o - 4. Suppose 0*l + l + 2 = o*m, 5*l + 4*m - 47 = 0. What is the units digit of u(l)?
1
Suppose 0 = -4*m + 135 - 39. Let x = m - -32. What is the units digit of x?
6
Suppose -y + 0*p + p = -142, 2*p - 276 = -2*y. What is the units digit of y?
0
Suppose -2732 = -6*n + 1636. What is the hundreds digit of n?
7
Let k = -553 - -945. What is the units digit of k?
2
Let v(d) = 315*d**2 - 9*d. What is the tens digit of v(-1)?
2
Suppose 4*o = -2*w - 0*o + 620, -o = -w + 322. Let r = -160 + w. What is the tens digit of r?
5
Let l(m) = 15*m**3 + 8*m**2 + 33*m - 111. What is the tens digit of l(5)?
2
Suppose -3*k + 3*q = -1479, -2148 = -5*k + q + 309. What is the tens digit of k?
9
Let w be -4 - (-12 - (-3 - -3)). What is the tens digit of 1 - (2 - 12/w)*-498?
5
Suppose 543 + 309 = 6*s. Let n = s + -62. What is the units digit of n?
0
Let p = 11303 - 6597. What is the tens digit of p?
0
Let k(w) = -9*w**3 - 7*w**2 - 15*w - 42. What is the tens digit of k(-4)?
8
Suppose 3*m + 1 = -29. Let p be ((-60)/m)/((-6)/(-20)). Let x = p - 13. What is the units digit of x?
7
Let s be 32/48 - 596/(-6). What is the tens digit of (17/5)/(20/s)?
1
Let c be (3 - 2) + (-1917)/(-9). Suppose -4*z = -4*u - 464, -u - c = -5*z + 382. What is the hundreds digit of z?
1
Let l = 23 + 55. Suppose o = 5*i - 220, -o = 2*i - l - 10. What is the units digit of i?
4
Let s = 2100 - -26. What is the thousands digit of s?
2
Suppose -k - 5*o + 2639 = 0, -2*o - 7150 - 835 = -3*k. What is the tens digit of k?
5
What is the units digit of -2 + 5 + 142 + 6?
1
Let m(v) = -3*v**3 - 6*v**2 - v - 6. Suppose -3*y - 2*y = 15. Let o(c) = -4*c**3 - 6*c**2 - c - 6. Let l(f) = y*m(f) + 2*o(f). What is the units digit of l(-5)?
6
Let p be 3/((-268)/280 - -1). Suppose 15*f - p = 10*f. Suppose 2 = 2*k, c + 5*k - f - 20 = 0. What is the units digit of c?
9
Suppose -2697 = -2*z + 5*y, -5*z + 9*z + 3*y = 5433. What is the tens digit of z?
5
Suppose -10 = -4*o + 2. Suppose z + p = -6, 2*p = 3*z - o*p + 18. Let t(h) = -h. What is the units digit of t(z)?
6
Let s be 670 + (0/10 - (-8)/2). Suppose -1746 - s = -10*w. What is the tens digit of w?
4
Let h(i) = -8*i - 5 - 10 + i - i. What is the tens digit of h(-22)?
6
Let a(h) = h**3 - 9*h**2 - 11*h + 19. Let n be a(10). What is the tens digit of -3 + 3*(-3 + 204/n)?
5
Let d(i) = i**3 - 5*i**2 + 7*i - 5. Let y be d(4). Suppose 0 = y*n - 449 - 489. Suppose -5*h = -3*o - 67 - 236, 2*h + 2*o = n. What is the units digit of h?
3
Suppose b - 15*w + 10*w = 1883, -w + 9337 = 5*b. What is the thousands digit of b?
1
Suppose 5*h + 4*k = 6493, -3*h = k - 2*k - 3889. What is the hundreds digit of h?